it of p(4)?
3
What is the thousands digit of (4 - -15*(-4)/12)*-1217?
1
Suppose 0 = -39*z + 62*z - 21022. What is the hundreds digit of z?
9
Let p be ((-256)/10)/((-2)/30). Suppose 2*a = 5*c - p, -c - 2*a + 23 = -49. Suppose -8*j = -4*j - c. What is the units digit of j?
9
Suppose 143 + 237 = 10*t. Suppose -m + 64 = -t. What is the tens digit of m?
0
Let d = -91 + 633. What is the tens digit of d?
4
What is the thousands digit of 12*24/(-32) + 1579?
1
Let q be 3/((-45)/(-50))*36. Let f = q + -67. What is the tens digit of f?
5
Suppose 12*t - 1296 = 9*t. What is the tens digit of t?
3
Let n be 1 - 0*(0 - 1). What is the units digit of n/(3/((-24)/(-2)))?
4
Let f = -92 - -374. Suppose -7*s = -4*s - f. What is the units digit of s?
4
Let r = 3 - 3. Suppose -2*h - p + 233 = -4*p, r = -3*h + 4*p + 349. Suppose -2*x + 5*v = 3*x - h, -x + 27 = v. What is the units digit of x?
5
Let r(o) = 12*o + 8. Let v be r(-4). Let j = 122 + v. What is the units digit of j?
2
Let s(u) = u**3 - 4*u**2 + 2*u - 2. Let a be s(4). Suppose -2*o + 18 = -a. What is the units digit of o?
2
Let h(s) = 102*s - 11. What is the hundreds digit of h(4)?
3
Suppose -4*c = -8*c + 240. Suppose -61*s + 141 = -c*s. What is the units digit of s?
1
Let m(t) = 15*t**2 - 3*t - 19. What is the tens digit of m(5)?
4
Suppose -4*a + 5*a = -2*r + 17, -2*r + 14 = 4*a. Suppose -2*f + f + r = 0. Let q(z) = z - 8. What is the units digit of q(f)?
1
Suppose -o = -5*o + 12. Suppose -19 - 8 = o*d. Let a = d - -26. What is the units digit of a?
7
Let b be (1 + -1 + 1)*-9. Let r(k) = -k + 3. What is the tens digit of r(b)?
1
Let p(o) = o**2 - o - 11. Let c be p(-8). Let q = c + -44. What is the units digit of q?
7
Let r(g) = 2*g**2 + 2*g + 14. Suppose -4*w = 5*y - 24, 10*w - 7*w - 18 = 4*y. What is the units digit of r(w)?
8
Suppose l + 37 = 12. Let o = l + 28. Suppose 4*k + 0*v = -3*v + 123, o*k - 2*v = 71. What is the units digit of k?
7
Let o(q) = 247*q - 229. What is the tens digit of o(17)?
7
Let o = -805 - -1138. What is the hundreds digit of o?
3
Let k(d) = -46*d**3 - d. Let c(b) = -46*b**3 + b**2 - b. Let r(h) = -2*c(h) + 3*k(h). What is the units digit of r(-1)?
5
Let a = -306 + 518. What is the hundreds digit of a?
2
Let g = 9 - 5. Suppose -u + 96 = 5*p, 3*p + g = 7*p. What is the tens digit of u?
9
Suppose -9*f = 420 + 381. What is the tens digit of (0 - f) + (7 - 4)?
9
Let t(u) = -37*u - 5. Let h be t(-2). Suppose 0 = -l - 16 + h. Suppose l = 4*q - 59. What is the tens digit of q?
2
Let c(b) = -41*b - 241. What is the units digit of c(-27)?
6
Suppose 0 = -5*p - 6*c + 3*c + 3949, c = -5*p + 3953. What is the tens digit of p?
9
What is the tens digit of ((-7)/9 - 4/18) + 311?
1
Let z(d) = -44*d - 15. Let y(c) = -c - 1. Let h(q) = 5*y(q) - z(q). What is the tens digit of h(4)?
6
Let t = -61 - -74. Let p(w) = 11*w - 35. What is the tens digit of p(t)?
0
Let r(q) = 6*q**2 + 2*q + 1. Let j be r(-1). What is the tens digit of 2 + (198/15 - 1/j)?
1
Let c(h) = -6*h + 7. Let m be c(7). Let k = 38 + m. What is the units digit of k?
3
Let y(l) = 3054*l + 2. Let w be y(1). Suppose -w = -16*p - 0*p. What is the hundreds digit of p?
1
Let z be (-3)/(-3) + 1 - 3. Let b(a) = -a + 1. Let c be b(z). Suppose c*r + 10 = 4*r. What is the units digit of r?
5
Let j = -1 - -15. Suppose -j + 0 = -2*w + 4*y, -w = -y - 11. What is the units digit of w?
5
Suppose -2*r - 2*y + 402 = 0, -3*y = -5*r + 4*r + 185. Let v = 417 - r. What is the tens digit of v?
2
Suppose -27*c - 596 = -28*c + 3*t, 4*t = 3*c - 1813. What is the tens digit of c?
1
Suppose -3*j + 119 + 47 = 2*c, -2*j - 2*c + 112 = 0. What is the tens digit of (-22)/(-3)*j/12?
3
Suppose 26*h = h + 11950. What is the units digit of h?
8
Suppose 5*t + 2*h - 49 = 0, 4*t - 2 = -2*h + 36. Let y = 5 - t. What is the units digit of 14/y*1*-3?
7
Let s = 2767 + -1900. What is the tens digit of s?
6
Suppose -6*f + 20594 = 5*i - 7*i, -5*f = 5*i - 17135. What is the thousands digit of f?
3
Suppose 0 = 496*w - 499*w + 5385. What is the units digit of w?
5
Let h = 15 - 4. Suppose -132 = -h*c + 7*c. What is the tens digit of c?
3
Suppose 3*c = 15, 3*y + 5*c = 2*c + 27. Let o = -420 + 421. Suppose s = y + o. What is the units digit of s?
5
Let p = 0 - -5. Suppose -2*i + p*w - 11 = 0, -4*i + 9 = 5*w - 14. Suppose i*g - 5*g + 90 = 0. What is the tens digit of g?
3
Suppose 0 = -5*u + 534 + 221. Let f = -75 + u. What is the tens digit of f?
7
Let s(z) = -3*z**2 - 6*z - 2. Suppose 0*o - 12 = 3*o. Let a be s(o). Let j = a - -42. What is the tens digit of j?
1
Let o(c) = c**3 + 9*c**2 - 4*c - 16. Let l be o(-7). Let v = -56 + l. What is the units digit of v?
4
Let f(s) = 5*s + s + 1 - 1. Let u = 6 + -3. What is the units digit of f(u)?
8
Let k be -1 - 36/((-3)/1). Suppose -147 = -4*t + 5*f, 5*f + k + 4 = 0. Suppose 0 = z - 3*h - t, 5*z + 2*h - 67 = 47. What is the units digit of z?
4
Let c = -474 - -1876. What is the units digit of c?
2
Suppose 1 = -3*l - 20. Let j(m) = 2*m**2 - 3*m + 14. What is the tens digit of j(l)?
3
Suppose 2*l - 36*r = -31*r + 2825, 0 = 4*l + 2*r - 5686. What is the hundreds digit of l?
4
Let n = -26 + -16. Let f = n - -15. What is the units digit of (8/(-36))/(3/f)?
2
Suppose 28*v - 24*v = -2*a + 1174, -v - 5*a + 289 = 0. What is the units digit of v?
4
Suppose -3*i - 54 = -0*i. Let l = i - -41. What is the units digit of l?
3
Suppose 2*n + 447 = u, -3*u - n = -1119 - 236. What is the hundreds digit of u?
4
Let a = 14 - 22. Let p = 10 + a. Let q = p + -1. What is the units digit of q?
1
Let l be (-2)/6 + (-3)/(-9). Suppose -2*g - 30 = -u - l*u, -4*u - 3*g = -131. What is the units digit of u?
2
Let v = 288 - 266. What is the tens digit of v?
2
Suppose 0 = 77*q - 71*q - 3294. What is the units digit of q?
9
Suppose 4*q = -5*c + 2094, -1449 = -5*c + 4*q + 677. Suppose 0*h = -4*z - 3*h + c, -5*z + 516 = -2*h. What is the tens digit of z?
0
Let j(d) = 2*d**3 - 5*d**2 + 5*d - 2. Let v(i) = 5*i + 33. Let w be v(-6). What is the tens digit of j(w)?
2
Let f(g) = g**3 + 7*g**2. Let i be f(-7). Suppose -25 = -5*b, -k - k - 5*b + 57 = i. What is the tens digit of (-24)/((-76)/k - -4)?
3
Suppose 0 = -13*r + 5*r + 2104. What is the tens digit of r?
6
What is the hundreds digit of 192/(-24) + 544/1?
5
Let a(z) = z**3 + 16*z**2 + 21*z + 11. Let c be 1 + (8/(-2) - 11). What is the hundreds digit of a(c)?
1
Suppose 32*v - 43*v = -275. What is the units digit of v?
5
Let k = 27 + -2. Let g = k - 52. Let y = 51 + g. What is the tens digit of y?
2
Let o = -24 - -28. Suppose -4*p + 152 = -o*l, 0*p + 88 = 2*p + 2*l. What is the tens digit of p?
4
Suppose -44*l = -55*l + 1694. What is the tens digit of l?
5
Let r(d) = -d**2 - 69*d + 172. What is the units digit of r(-31)?
0
Let d(z) = 64*z**2 - 60*z - 16. What is the units digit of d(5)?
4
Let p be -1 - -1 - (-4 - -2). Suppose 17 = p*v - 5. Let m = 25 - v. What is the tens digit of m?
1
Let o(j) = 5*j - 44. Let g be o(13). What is the units digit of (28/g)/(2/(-3))*-7?
4
Let q be (2/(4/(-38)))/1. Let h = q + 15. What is the units digit of (-4)/h - (-3 - -1)?
3
Let f = 0 + 2. Suppose -4*l = f*l + 12. Let o(w) = -6*w**3 - 2*w**2 + 2*w + 2. What is the tens digit of o(l)?
3
What is the tens digit of 4/6*-1 + 71468/102?
0
Let i(d) = d**3 - 3*d**2 + d + 3. Let h be i(3). Suppose -h*k + 10 = -k. Suppose 4 = 5*t - 4*a - 106, t + k*a - 22 = 0. What is the tens digit of t?
2
Suppose -8*q - 74 = 6. What is the units digit of 100/40*(-224)/q?
6
Let p(y) = 4*y - 3 + 3*y**2 - y**2 + 3*y**2 - 4*y**2. What is the units digit of p(-9)?
2
Let s(y) = 2*y**2 - 50. Let k(f) = 2*f**2 - f - 49. Let d(a) = 5*k(a) - 4*s(a). What is the units digit of d(11)?
2
Suppose -51*n + 48*n = -57. Suppose 21*o - n*o = 254. What is the tens digit of o?
2
Suppose 14*z - 354 = 12*z. What is the tens digit of z?
7
Let c = -7 + 10. What is the tens digit of 2/(-6) + -163*c/(-9)?
5
Let c = 4 + -2. Suppose 28 = c*z + 2*z. Suppose z*u - 180 = 2*u. What is the units digit of u?
6
Suppose 0 = -18*m + 16*m + 978. What is the hundreds digit of m?
4
Let f(h) = 7*h**2 + 24*h + 248. What is the hundreds digit of f(-9)?
5
Suppose -4*r - 188 = -4*d, -r - 5 = 3*d - 138. Let i be 4/(4 - (6 + -3)). Suppose -13 = i*j - d. What is the units digit of j?
8
Let d(m) = -13*m - 2. Let j be